or of 68843 and 63726?
43
Calculate the greatest common divisor of 300114 and 57150.
18
Calculate the greatest common factor of 1700 and 11069550.
850
Calculate the greatest common factor of 4160 and 472940.
260
Calculate the highest common divisor of 14431292 and 24932.
1084
Calculate the highest common factor of 2082 and 3925958.
694
Calculate the highest common factor of 30303 and 563121.
117
What is the greatest common divisor of 277158323 and 11557?
1651
Calculate the highest common factor of 819 and 4682349.
63
Calculate the highest common divisor of 20 and 1388400.
20
Calculate the greatest common factor of 4616 and 367283580.
2308
What is the highest common factor of 2436315 and 2010?
15
Calculate the greatest common divisor of 738997 and 1352731.
547
Calculate the highest common divisor of 224 and 34553428.
28
What is the highest common factor of 14412 and 21468?
12
Calculate the highest common divisor of 86894 and 20700.
46
What is the highest common factor of 28960 and 78240?
160
Calculate the greatest common factor of 14488552 and 520.
104
What is the highest common factor of 552729151 and 39?
13
Calculate the highest common divisor of 56163138 and 408.
102
What is the greatest common factor of 213818669 and 1293?
431
What is the greatest common divisor of 220519462 and 118?
118
What is the highest common divisor of 5834286 and 335778?
1146
Calculate the greatest common factor of 16211552 and 79336.
1688
What is the greatest common factor of 249 and 2965?
1
What is the highest common divisor of 4827303 and 1053?
351
Calculate the highest common factor of 68056 and 26648.
8
Calculate the highest common factor of 323093675 and 125.
25
Calculate the highest common factor of 3126 and 13690317.
1563
Calculate the greatest common divisor of 7904998 and 81624.
358
What is the highest common divisor of 81694450 and 522?
58
What is the greatest common divisor of 342 and 145736730?
18
Calculate the greatest common divisor of 74440 and 817320.
40
Calculate the greatest common factor of 756 and 1576467144.
756
What is the highest common divisor of 291 and 16485?
3
Calculate the greatest common factor of 4911953 and 36368.
2273
What is the highest common divisor of 3768 and 42110697?
471
What is the highest common divisor of 702025 and 225?
25
Calculate the highest common factor of 33441 and 4403379.
471
Calculate the highest common divisor of 65 and 426179.
13
Calculate the greatest common factor of 1859193 and 1944.
243
What is the greatest common factor of 59943 and 23373?
159
What is the greatest common factor of 443664 and 729?
27
Calculate the greatest common divisor of 36991 and 1549859.
71
Calculate the greatest common divisor of 12474452 and 6224.
1556
What is the greatest common divisor of 2835624 and 21015?
1401
Calculate the greatest common factor of 375499552 and 755.
151
Calculate the greatest common divisor of 1631903 and 413.
7
What is the greatest common divisor of 3276 and 16559088?
1092
Calculate the greatest common factor of 416891848 and 632.
632
Calculate the highest common divisor of 328035 and 38418.
57
What is the greatest common divisor of 255 and 2487729?
51
Calculate the greatest common factor of 129 and 79523727.
129
Calculate the highest common divisor of 48 and 7242756.
12
What is the greatest common factor of 43968 and 200064?
192
Calculate the highest common divisor of 79900 and 486319.
17
What is the greatest common divisor of 32201606 and 20968?
5242
What is the greatest common divisor of 4972 and 9666472?
452
What is the greatest common divisor of 1021628 and 1027?
79
Calculate the greatest common factor of 43944888 and 208.
104
What is the greatest common divisor of 413324 and 144988?
2164
Calculate the greatest common divisor of 127169 and 11276797.
3437
What is the highest common factor of 78156 and 447408?
468
Calculate the highest common factor of 202195 and 92485.
265
Calculate the greatest common divisor of 375 and 567405.
15
What is the highest common divisor of 882 and 32463382?
98
What is the greatest common divisor of 22311277 and 652?
163
What is the greatest common factor of 300 and 4976250?
150
Calculate the highest common factor of 407186 and 416.
26
Calculate the highest common factor of 243 and 2953368.
27
Calculate the greatest common divisor of 76501 and 20227.
113
Calculate the highest common divisor of 71342370 and 664110.
14130
What is the greatest common divisor of 10 and 2000863925?
5
What is the greatest common divisor of 28968 and 475932?
204
Calculate the highest common divisor of 1120768 and 2338648.
1592
What is the greatest common factor of 1129825 and 3225?
1075
What is the greatest common divisor of 19114053 and 17346?
1239
What is the highest common divisor of 2002 and 12072970?
182
Calculate the greatest common factor of 5013 and 1850364.
9
Calculate the greatest common divisor of 1319032 and 6877.
13
What is the highest common factor of 182759 and 1246641?
1021
Calculate the greatest common factor of 2922 and 582990.
6
Calculate the greatest common factor of 18120543 and 98.
49
What is the highest common divisor of 14920140 and 64500?
2580
Calculate the highest common factor of 192 and 230544.
48
Calculate the greatest common factor of 68935 and 22542.
17
What is the greatest common factor of 119997 and 3650562?
603
Calculate the highest common divisor of 823 and 842768460.
823
What is the highest common factor of 967060 and 12590?
10
Calculate the greatest common factor of 25 and 723389.
1
What is the greatest common divisor of 64262747 and 37?
37
What is the greatest common factor of 12488610 and 222?
222
What is the highest common factor of 6533 and 54097?
47
Calculate the highest common factor of 50707 and 6773.
1
Calculate the greatest common factor of 90957921 and 361.
361
Calculate the greatest common divisor of 51707 and 14743627.
1783
Calculate the highest common divisor of 666 and 2338474.
74
Calculate the highest common divisor of 35729896 and 1388.
1388
What is the greatest common divisor of 4286771 and 9418?
17
Calculate the greatest common factor of 3525788 and 182.
14
Calculate the highest common factor of 88 and 8883200.
8
What is the highest common factor of 1719 and 5710311?
9
What is the highest common divisor of 5692712 and 16?
8
Calculate the highest common divisor of 2074 and 1037261324.
2074
Calculate the greatest common factor of 1531608 and 1443.
39
Calculate the greatest common divisor of 954589 and 183.
61
Calculate the greatest common divisor of 45922797 and 9792.
153
What is the greatest common factor of 945 and 1173130?
35
What is the greatest common divisor of 4845413 and 122?
61
What is the greatest common factor of 126 and 47335281?
21
Calculate the greatest common factor of 3008 and 14759692.
188
What is the greatest common divisor of 4504995 and 332905?
2395
What is the greatest common factor of 14699673 and 18?
9
Calculate the highest common factor of 70391 and 1361251.
43
Calculate the greatest common factor of 367360 and 187985.
1435
Calculate the highest common divisor of 33138270 and 10.
10
Calculate the highest common divisor of 25866 and 3325697.
479
What is the highest common divisor of 70725986 and 712?
178
Calculate the highest common divisor of 14032 and 386757.
877
What is the highest common factor of 682 and 110448536?
682
Calculate the highest common factor of 270946 and 100334.
442
What is the highest common divisor of 5371084 and 14356?
388
Calculate the greatest common factor of 6846045 and 15.
15
Calculate the greatest common factor of 15650389 and 47.
47
Calculate the highest common divisor of 1408 and 403336.
8
Calculate the greatest common factor of 4263 and 11576103.
147
Calculate the highest common factor of 2906107 and 513.
19
Calculate the highest common divisor of 589586447 and 2713.
2713
Calculate the highest common factor of 204 and 17483412.
204
Calculate the greatest common divisor of 1892348 and 3551.
67
What is the greatest common divisor of 128447868 and 12?
12
Calculate the highest common factor of 18647706 and 181.
181
Calculate the highest common factor of 546 and 2918097.
273
Calculate the greatest common factor of 224770238 and 4026.
1342
What is the highest common factor of 2766120 and 5809?
37
Wh